 (2/4)/((-1)/(-4)). Suppose -4*m + j*m = 0. Let t(z) = -z + 8. Let b(p) = p - 10. Let o(h) = -2*b(h) - 3*t(h). Determine o(m).
-4
Let l be 0/(-4*2/4). Let w(c) be the third derivative of 0 + 5/24*c**4 + 0*c - c**2 + l*c**3. Calculate w(-1).
-5
Let q(x) = 8*x - 85. Let g be q(10). Let n(c) be the second derivative of -c**4/12 - 7*c**3/6 - 5*c**2/2 + c. Calculate n(g).
5
Let n(t) = -t**2 - 4*t + 3. Let v(a) = -4*a + 24. Let q be v(7). Determine n(q).
3
Let n(f) = -3*f**2 + 4*f - 3. Let w(i) = -7*i**2 + 8*i - 7. Let r(v) = 5*n(v) - 2*w(v). Calculate r(4).
-1
Let b(f) = -f - 2. Let x(v) = v + 3. Let j(u) = 7*b(u) + 6*x(u). Determine j(6).
-2
Let u(v) = 2*v**2 - 9*v - 4. Let n(b) = -b**2 + 8*b + 3. Let t(r) = -3*n(r) - 2*u(r). Suppose o + 3*o = -16. Determine t(o).
7
Let j = -180 + 183. Let a(w) = -5*w**2 + 2*w + 1 + 3*w**2 + w**2. Give a(j).
-2
Let t(q) be the third derivative of q**4/24 - q**3/2 - q**2. Let u(f) = -2*f + 1. Let x be u(-1). What is t(x)?
0
Let z(i) be the second derivative of i**3/6 + 9*i**2/2 + 8*i. What is z(7)?
16
Let m(o) = -7*o + 11. Let d(h) = -h + 1. Let r(i) = 6*d(i) - m(i). Let y = -4 + 1. Let u = y - -3. What is r(u)?
-5
Let y(w) = w**3 + 2 - w**2 - 5 - 38*w - 8 + 37*w. Determine y(0).
-11
Let k(y) = -y**2 + y + 4. Suppose 0 = 5*x + 5*t - 20, -t + 14 = 4*x + 1. What is k(x)?
-2
Let l(u) = 16*u**2 + 3 - 2*u - 8*u**2 - 7*u**2. Give l(3).
6
Let l be 25/(-9) - 9/(-162)*-4. Let z(y) = -3*y - 3. Calculate z(l).
6
Let f(v) = -v**2 + 8*v - 2. Suppose 0*j = 4*j - 24. What is f(j)?
10
Let x(y) = 5*y + 4. Let k be (-5 + 1)*6/(-8). Let b be (k/(-2))/(2/4). Give x(b).
-11
Let p(f) be the third derivative of f**5/30 - f**4/24 + 5*f**2. Let s(r) = -r - 2. Let l be s(-1). Give p(l).
3
Let d(x) = -x**3 + 6*x**2 - 5*x - 3. Let z be d(2). Let f(v) = -v**3 + 4*v**2 - v. Determine f(z).
6
Let v = -20 + 15. Let h(r) = -r - 7. Calculate h(v).
-2
Let r(c) = c**3 - 9*c**2 + 8*c - 4. Suppose -6 - 34 = -5*i. Determine r(i).
-4
Let c be (14/(-4))/(-7) + 7/(-2). Let g(m) = 7*m + 1. What is g(c)?
-20
Let o be 5*(-2)/(-5)*-1. Let a(h) be the third derivative of h**6/360 - h**5/120 - h**4/12 + h**2. Let b(g) be the second derivative of a(g). Give b(o).
-5
Let r(w) = -4*w**3 - 4*w**2 + 3 + 0*w**3 + 2*w**3 + w**3. Let u(f) = 2*f**2 + 2*f + 4. Let x be u(-3). Let b be (x/(-20))/((-2)/(-10)). What is r(b)?
3
Suppose -6 = -2*b + 5*b. Suppose -3*s = 4*d - 18, 10 = 3*s - s + 2*d. Let n(o) = -2*o + 1 + 6*o - s*o + o**2. Determine n(b).
1
Let a = 19 - 15. Let s(d) = -d**2 + 5*d - 5. Determine s(a).
-1
Let q = -32 - -33. Let t(r) = 8*r**2 - r + 1. What is t(q)?
8
Let p be 4*1*1/2. Let q(k) be the second derivative of k**5/20 - k**4/3 + k**3/6 + k**2 + 15*k + 3. Calculate q(p).
-4
Let m(y) = y**2 + 3*y - 3. Let b(w) = 2*w - 2*w - w - w**2 - 1 + 7*w. Let h be b(7). Let q(f) = 2*f + 12. Let g be q(h). What is m(g)?
1
Suppose -u - 2*d = 4*u + 35, 2*u + 35 = -5*d. Let l = u + 8. Let a(f) = -f + 5*f**2 - 3*f**3 + l*f - 1 + 4*f**3. What is a(-2)?
7
Let n(t) = t**2 + 9*t + 3. Let o be n(-9). Let s(a) = -a**2 - 1 - 2*a**o + 2*a**2 + a - a**2. Suppose 0 = -3*i + 3. What is s(i)?
-2
Let a = -13 + 18. Let w(n) = -7*n + 1. Let b(u) = u. Let d(v) = 5*b(v) + w(v). Determine d(a).
-9
Let q(m) = -m**2 - 9*m - 3. Let n(j) = j**2 - 9*j. Let g be n(8). Let l be q(g). Suppose -5*s + l = -0*s. Let f(w) = -9*w. Determine f(s).
-9
Let l(m) = m - 1. Suppose 8 = -4*c, 6*o - 4*o + 3*c + 2 = 0. Give l(o).
1
Let k be 3/((1/(-2))/(14/(-12))). Let c(w) = -w**2 + 6*w + 2. What is c(k)?
-5
Let k(c) = 5*c + 13. Let h(a) = -60*a - 155. Let s(l) = 3*h(l) + 35*k(l). Let i(n) = n. Let t(b) = 3*i(b) + s(b). Give t(-8).
6
Let m(a) = -a**2 + 4*a + 6. Let s = 48 - 43. Determine m(s).
1
Let k(b) = 25 - 7 - 2*b - 4*b**2 + b**3 - 7 - 9. Let l be 3/((-15)/2)*-10. Give k(l).
-6
Let x(t) = -t**3 + 6*t**2 - 4*t - 1. Let q be x(5). Let p(d) = -q*d**2 + 2 - 2 + d**3 + 6*d - 2*d**3. Calculate p(-5).
-5
Let l(g) = -g**2 + 4*g - 3. Suppose 3*q + 5 = 2*q. Let z = 2 + q. Let k(h) = -h**3 - 4*h**2 - 4*h. Let x be k(z). Give l(x).
0
Let x(w) = -w**2 + 8*w - 4. Let i(f) = -f - 6. Let u be i(-12). What is x(u)?
8
Let a(r) = 6*r**3 + r**2 + r. Let n(d) = 5*d. Let w be n(4). Let o = -21 + w. Determine a(o).
-6
Let w(k) be the first derivative of -2*k**3/3 + k**2/2 - k - 24. Determine w(-2).
-11
Let r = -1 + -1. Let d be 20/(-15)*(-3)/r. Let t(s) = 2*s**2 - 3*s - 3. Determine t(d).
11
Let b(i) = -i - 8. Let v(r) = -r - 9. Let g(q) = 5*b(q) - 4*v(q). Suppose 4*f = -4, -4*t = 4*f + 22 - 2. Determine g(t).
0
Let y(t) = 3*t - 2*t - 2*t. Let j be (-5 - -2)*(2 + -1). Let n be (j - -11)*(-2)/4. Calculate y(n).
4
Let f(d) = -d**3 - 8*d**2 - 7*d + 1. Let v = -78 + 71. Calculate f(v).
1
Let w(c) = -c**3 + c**2 + c - 2. Suppose r = -4*r + 10. What is w(r)?
-4
Let p(q) be the third derivative of -q**4/8 - 5*q**3/6 + q**2. Let o be ((-6)/(-4))/((-5)/120*9). Give p(o).
7
Let c = -11 + 11. Let u be (3 + c - 4) + 1. Let p(d) = -d**2 - 3*d - 2*d + 6*d - 5. Calculate p(u).
-5
Let w(p) = 21*p. Let t(d) = 4*d. Let q(c) = -11*t(c) + 2*w(c). Suppose 0 = b - 0*b - 5*u - 9, 5*b - 1 = 3*u. Determine q(b).
2
Suppose -2*n = -h + 8, 3*h + 5 = 4*n + 21. Let p(o) = o**2 + 4*o - 4. Calculate p(n).
-4
Let d(n) = -n**2 + 3*n + 4. Let s be 14/6 - 4/(-6). Suppose -3 + 21 = b + s*f, -3*b + 24 = 3*f. Suppose 0*w = b*w - 12. Determine d(w).
0
Let t(o) be the third derivative of 0*o + o**2 - 5/6*o**3 + 1/120*o**6 - 1/12*o**4 + 1/12*o**5 + 0. Suppose -3*j + 0*j - 15 = 0. Determine t(j).
5
Let z(d) = -d + 4. Let q be z(4). Suppose q = 3*y - y + 5*v - 1, 2*y - 11 = 5*v. Let r(a) = -a - 3. Give r(y).
-6
Let l = -41 - -58. Suppose -1 = 4*c - l. Suppose 3*o = -2*p - p + 6, -3*o - 2*p = -c. Let u(h) = h**3 - h**2 + h + 1. What is u(o)?
1
Let b(r) = -2*r**2 - 7*r + 6. Let x(g) = -g**2 - 4*g + 3. Let q(w) = 2*b(w) - 5*x(w). Suppose -2*i = 9 - 1. What is q(i)?
-11
Let c(o) = 18*o + 26*o + 4 - 43*o + 4*o**2 - 5. Determine c(1).
4
Let h(b) = -b + 4. Let v(m) = m. Let n(l) = -h(l) - 3*v(l). Give n(-4).
4
Let t(v) be the first derivative of -v**4/4 + 5*v**3/3 + 2*v**2 + 7*v - 26. Determine t(6).
-5
Suppose -3*u + 6 = 18, 0 = 4*l - 4*u - 28. Let o(x) = -x**3 + 4*x**2 + 2*x - 3. Give o(l).
12
Let q = 167 + -164. Let g(n) = n**3 - 4*n**2 - n + 2. What is g(q)?
-10
Let k(q) = 4*q**2 + 0*q**2 - 4 - 3*q**2 + q. Let w = -6 - -6. Determine k(w).
-4
Suppose 0 = d + 6*d + d. Let x(o) be the third derivative of d + 0*o + 2*o**2 - 1/12*o**4 + 0*o**3. Determine x(-3).
6
Suppose -5 = 4*n + 5*x, -8 = x - 3. Suppose 5*r = 0, 4*m + 0*r + n*r = 0. Let h(b) = -b - 1. Give h(m).
-1
Let p(g) = g - 2. Let a = 8 + -6. Let i be 22/4 + 1/a. Let z = i - 1. What is p(z)?
3
Let q(m) = -3*m - 9 - 1 + 2*m + 7. Calculate q(-3).
0
Let g(r) = 3*r + 10. Let n(d) = -2*d - 5. Let v(j) = -3*g(j) - 5*n(j). Let c be 1*(-1 + 2)*5. What is v(c)?
0
Let q(j) = -j**2 + j. Let o(l) = 2*l**2 - 4*l - 4. Let h(w) = o(w) + q(w). Suppose 3 = 7*z - 6*z. Determine h(z).
-4
Let h(m) = -2*m - 2. Suppose 3*a + 10 = -2. Let j = -8 - a. Determine h(j).
6
Let q(j) be the first derivative of j**4/4 + 2*j**3/3 + j**2 + 2*j + 3. What is q(-2)?
-2
Let t = -12 + 12. Let x(h) = t - 3*h + h**2 + 2 - 4. Give x(4).
2
Let o = 100 + -103. Let r(u) = 11*u + 3. Calculate r(o).
-30
Let f = -6 - -11. Let v(l) = -l**3 - f*l**3 + l**3. Give v(-1).
5
Let d(t) = -t - 2. Let z be d(-6). Let b(s) = -7*s**2 + 4 - z. Let h(g) = -g**2 - 7*g + 7. Let o be h(-8). Give b(o).
-7
Let k be (-4)/(-10) + 34/(-10). Let u = 4 + k. Let q be ((-6)/15)/(u/5). Let r(y) = -4*y - 3. Calculate r(q).
5
Let n(u) = u - 7. Let v(q) = q + 1. Let f(j) = n(j) + 4*v(j). Let y be (-1 + 2)*(0 + 2). Calculate f(y).
7
Let x(c) = -2*c**2 - 4*c - 2. Let z(g) = -g**3 + 6*g**2 - 5*g - 2. Let r be z(5). Determine x(r).
-2
Suppose 0*d + 5*d = 4*v + 25, -d = -2*v - 5. Let p(x) = 2 - 5 - 4*x + v. Determine p(-2).
5
Let u be 0/1 + -1 - 2. Let k(b) be the second derivative of -b**3/2 - b**2 + 5*b. What is k(u)?
7
Let f = -6 - -9. Let m(n) = -6*n - 2. What is m(f)?
-20
Let v(p) = -p**2 + 5*p + 2. Let l be v(5). Let i(z) = -5*z + 1. What is i(l)?
-9
Suppose -70*j + 71*j = 5. Let q(n) = -n**3 - n**2 + 7*n + 3. Let s(v) = -2*v**3 - 3*v**2 + 15*v + 6. Let x(t) = 13*q(t) - 6*s(t). Calculate x(j)